{"id":523,"date":"2025-04-30T22:19:47","date_gmt":"2025-04-30T22:19:47","guid":{"rendered":"https:\/\/neomadhabitat.com\/?page_id=523"},"modified":"2025-04-30T23:04:49","modified_gmt":"2025-04-30T23:04:49","slug":"aviso-legal","status":"publish","type":"page","link":"https:\/\/neomadhabitat.com\/index.php\/aviso-legal\/","title":{"rendered":"Aviso Legal"},"content":{"rendered":"\t\t<div data-elementor-type=\"wp-page\" data-elementor-id=\"523\" class=\"elementor elementor-523\">\n\t\t\t\t<div class=\"elementor-element elementor-element-22497bd5 e-flex e-con-boxed e-con e-parent\" data-id=\"22497bd5\" data-element_type=\"container\" data-settings=\"{&quot;background_background&quot;:&quot;classic&quot;}\">\n\t\t\t\t\t<div class=\"e-con-inner\">\n\t\t\t\t<div class=\"elementor-element elementor-element-3c96a409 elementor-widget elementor-widget-image\" data-id=\"3c96a409\" data-element_type=\"widget\" data-widget_type=\"image.default\">\n\t\t\t\t<div class=\"elementor-widget-container\">\n\t\t\t\t\t\t\t\t\t\t\t\t\t\t\t<img fetchpriority=\"high\" decoding=\"async\" width=\"800\" height=\"102\" src=\"https:\/\/neomadhabitat.com\/wp-content\/uploads\/2025\/04\/cropped-LOGO-NEO-MAD-HABITAT-copia-1-scaled-1-1024x130.png\" class=\"attachment-large size-large wp-image-170\" alt=\"\" srcset=\"https:\/\/neomadhabitat.com\/wp-content\/uploads\/2025\/04\/cropped-LOGO-NEO-MAD-HABITAT-copia-1-scaled-1-1024x130.png 1024w, https:\/\/neomadhabitat.com\/wp-content\/uploads\/2025\/04\/cropped-LOGO-NEO-MAD-HABITAT-copia-1-scaled-1-300x38.png 300w, https:\/\/neomadhabitat.com\/wp-content\/uploads\/2025\/04\/cropped-LOGO-NEO-MAD-HABITAT-copia-1-scaled-1-768x98.png 768w, https:\/\/neomadhabitat.com\/wp-content\/uploads\/2025\/04\/cropped-LOGO-NEO-MAD-HABITAT-copia-1-scaled-1-1536x195.png 1536w, https:\/\/neomadhabitat.com\/wp-content\/uploads\/2025\/04\/cropped-LOGO-NEO-MAD-HABITAT-copia-1-scaled-1-2048x260.png 2048w\" sizes=\"(max-width: 800px) 100vw, 800px\" \/>\t\t\t\t\t\t\t\t\t\t\t\t\t\t\t<\/div>\n\t\t\t\t<\/div>\n\t\t\t\t\t<\/div>\n\t\t\t\t<\/div>\n\t\t<div class=\"elementor-element elementor-element-23a9a36 e-flex e-con-boxed e-con e-parent\" data-id=\"23a9a36\" data-element_type=\"container\">\n\t\t\t\t\t<div class=\"e-con-inner\">\n\t\t<div class=\"elementor-element elementor-element-2492be06 e-con-full e-flex e-con e-child\" data-id=\"2492be06\" data-element_type=\"container\">\n\t\t\t\t<div class=\"elementor-element elementor-element-40aaa21b elementor-align-center elementor-widget elementor-widget-button\" data-id=\"40aaa21b\" data-element_type=\"widget\" data-widget_type=\"button.default\">\n\t\t\t\t<div class=\"elementor-widget-container\">\n\t\t\t\t\t\t\t\t\t<div class=\"elementor-button-wrapper\">\n\t\t\t\t\t<a class=\"elementor-button elementor-button-link elementor-size-sm\" href=\"https:\/\/neomadhabitat.com\/#inicio\">\n\t\t\t\t\t\t<span class=\"elementor-button-content-wrapper\">\n\t\t\t\t\t\t\t\t\t<span class=\"elementor-button-text\">INICIO<\/span>\n\t\t\t\t\t<\/span>\n\t\t\t\t\t<\/a>\n\t\t\t\t<\/div>\n\t\t\t\t\t\t\t\t<\/div>\n\t\t\t\t<\/div>\n\t\t\t\t<\/div>\n\t\t<div class=\"elementor-element elementor-element-77d03372 e-con-full e-flex e-con e-child\" data-id=\"77d03372\" data-element_type=\"container\">\n\t\t\t\t<div class=\"elementor-element elementor-element-7e72b999 elementor-align-center elementor-widget elementor-widget-button\" data-id=\"7e72b999\" data-element_type=\"widget\" data-widget_type=\"button.default\">\n\t\t\t\t<div class=\"elementor-widget-container\">\n\t\t\t\t\t\t\t\t\t<div class=\"elementor-button-wrapper\">\n\t\t\t\t\t<a class=\"elementor-button elementor-button-link elementor-size-sm\" href=\"https:\/\/neomadhabitat.com\/#quienes-somos\">\n\t\t\t\t\t\t<span class=\"elementor-button-content-wrapper\">\n\t\t\t\t\t\t\t\t\t<span class=\"elementor-button-text\">QUI\u00c9NES SOMOS<\/span>\n\t\t\t\t\t<\/span>\n\t\t\t\t\t<\/a>\n\t\t\t\t<\/div>\n\t\t\t\t\t\t\t\t<\/div>\n\t\t\t\t<\/div>\n\t\t\t\t<\/div>\n\t\t<div class=\"elementor-element elementor-element-7bac2bd2 e-con-full e-flex e-con e-child\" data-id=\"7bac2bd2\" data-element_type=\"container\">\n\t\t\t\t<div class=\"elementor-element elementor-element-5e5bcae3 elementor-align-center elementor-widget elementor-widget-button\" data-id=\"5e5bcae3\" data-element_type=\"widget\" data-widget_type=\"button.default\">\n\t\t\t\t<div class=\"elementor-widget-container\">\n\t\t\t\t\t\t\t\t\t<div class=\"elementor-button-wrapper\">\n\t\t\t\t\t<a class=\"elementor-button elementor-button-link elementor-size-sm\" href=\"https:\/\/neomadhabitat.com\/#servicios\">\n\t\t\t\t\t\t<span class=\"elementor-button-content-wrapper\">\n\t\t\t\t\t\t\t\t\t<span class=\"elementor-button-text\">SERVICIOS<\/span>\n\t\t\t\t\t<\/span>\n\t\t\t\t\t<\/a>\n\t\t\t\t<\/div>\n\t\t\t\t\t\t\t\t<\/div>\n\t\t\t\t<\/div>\n\t\t\t\t<\/div>\n\t\t<div class=\"elementor-element elementor-element-6f42f440 e-con-full e-flex e-con e-child\" data-id=\"6f42f440\" data-element_type=\"container\">\n\t\t\t\t<div class=\"elementor-element elementor-element-389272fb elementor-align-center elementor-widget elementor-widget-button\" data-id=\"389272fb\" data-element_type=\"widget\" data-widget_type=\"button.default\">\n\t\t\t\t<div class=\"elementor-widget-container\">\n\t\t\t\t\t\t\t\t\t<div class=\"elementor-button-wrapper\">\n\t\t\t\t\t<a class=\"elementor-button elementor-button-link elementor-size-sm\" href=\"#\">\n\t\t\t\t\t\t<span class=\"elementor-button-content-wrapper\">\n\t\t\t\t\t\t\t\t\t<span class=\"elementor-button-text\">CONTACTO<\/span>\n\t\t\t\t\t<\/span>\n\t\t\t\t\t<\/a>\n\t\t\t\t<\/div>\n\t\t\t\t\t\t\t\t<\/div>\n\t\t\t\t<\/div>\n\t\t\t\t<\/div>\n\t\t\t\t\t<\/div>\n\t\t\t\t<\/div>\n\t\t<div class=\"elementor-element elementor-element-27f0d08 e-flex e-con-boxed e-con e-parent\" data-id=\"27f0d08\" data-element_type=\"container\">\n\t\t\t\t\t<div class=\"e-con-inner\">\n\t\t\t\t<div class=\"elementor-element elementor-element-4cf63f3d elementor-widget elementor-widget-text-editor\" data-id=\"4cf63f3d\" data-element_type=\"widget\" data-widget_type=\"text-editor.default\">\n\t\t\t\t<div class=\"elementor-widget-container\">\n\t\t\t\t\t\t\t\t\t<h3><strong>AVISO LEGAL<\/strong><\/h3>\t\t\t\t\t\t\t\t<\/div>\n\t\t\t\t<\/div>\n\t\t\t\t\t<\/div>\n\t\t\t\t<\/div>\n\t\t<div class=\"elementor-element elementor-element-2d1c875 e-flex e-con-boxed e-con e-parent\" data-id=\"2d1c875\" data-element_type=\"container\">\n\t\t\t\t\t<div class=\"e-con-inner\">\n\t\t\t\t<div class=\"elementor-element elementor-element-805b711 elementor-widget elementor-widget-text-editor\" data-id=\"805b711\" data-element_type=\"widget\" data-widget_type=\"text-editor.default\">\n\t\t\t\t<div class=\"elementor-widget-container\">\n\t\t\t\t\t\t\t\t\t<p style=\"font-weight: 400;\"><strong>Titularidad del sitio web:<br \/><\/strong>En cumplimiento de la Ley 34\/2002, de 11 de julio, de Servicios de la Sociedad de la Informaci\u00f3n y Comercio Electr\u00f3nico (LSSI-CE), se informa que el presente sitio web, <strong>neomadhabitat.com<\/strong>, es titularidad de:<\/p><ul><li><strong>Denominaci\u00f3n social:<\/strong> NEOMAD HABITAT S.C<\/li><li><strong>C.I.F.:<\/strong> J21752456<\/li><li><strong>Domicilio social:<\/strong> Calle Santa Engracia, N\u00ba 17, Planta 1, 28010 Madrid (Madrid)<\/li><li><strong>Email de contacto:<\/strong> info@neomadhabitat.com<\/li><\/ul>\t\t\t\t\t\t\t\t<\/div>\n\t\t\t\t<\/div>\n\t\t\t\t\t<\/div>\n\t\t\t\t<\/div>\n\t\t<div class=\"elementor-element elementor-element-9954e52 e-flex e-con-boxed e-con e-parent\" data-id=\"9954e52\" data-element_type=\"container\">\n\t\t\t\t\t<div class=\"e-con-inner\">\n\t\t\t\t<div class=\"elementor-element elementor-element-9bc415e elementor-widget elementor-widget-text-editor\" data-id=\"9bc415e\" data-element_type=\"widget\" data-widget_type=\"text-editor.default\">\n\t\t\t\t<div class=\"elementor-widget-container\">\n\t\t\t\t\t\t\t\t\t<p style=\"font-weight: 400;\"><strong>Objeto:<br \/><\/strong>El presente sitio web tiene como objeto proporcionar informaci\u00f3n sobre los servicios de asesoramiento, gesti\u00f3n inmobiliaria, inversi\u00f3n y tasaci\u00f3n ofrecidos por NEOMAD HABITAT S.C.<\/p>\t\t\t\t\t\t\t\t<\/div>\n\t\t\t\t<\/div>\n\t\t\t\t\t<\/div>\n\t\t\t\t<\/div>\n\t\t<div class=\"elementor-element elementor-element-1b91292 e-flex e-con-boxed e-con e-parent\" data-id=\"1b91292\" data-element_type=\"container\">\n\t\t\t\t\t<div class=\"e-con-inner\">\n\t\t\t\t<div class=\"elementor-element elementor-element-667a370 elementor-widget elementor-widget-text-editor\" data-id=\"667a370\" data-element_type=\"widget\" data-widget_type=\"text-editor.default\">\n\t\t\t\t<div class=\"elementor-widget-container\">\n\t\t\t\t\t\t\t\t\t<p style=\"font-weight: 400;\"><strong>Responsabilidad:<br \/><\/strong>NEOMAD HABITAT S.C. no se responsabiliza del mal uso que se realice de los contenidos de esta web, siendo exclusiva responsabilidad de la persona que acceda o utilice dichos contenidos.<\/p>\t\t\t\t\t\t\t\t<\/div>\n\t\t\t\t<\/div>\n\t\t\t\t\t<\/div>\n\t\t\t\t<\/div>\n\t\t<div class=\"elementor-element elementor-element-24c7cd4 e-flex e-con-boxed e-con e-parent\" data-id=\"24c7cd4\" data-element_type=\"container\">\n\t\t\t\t\t<div class=\"e-con-inner\">\n\t\t\t\t<div class=\"elementor-element elementor-element-12f984a elementor-widget elementor-widget-text-editor\" data-id=\"12f984a\" data-element_type=\"widget\" data-widget_type=\"text-editor.default\">\n\t\t\t\t<div class=\"elementor-widget-container\">\n\t\t\t\t\t\t\t\t\t<p style=\"font-weight: 400;\"><strong>Propiedad intelectual:<br \/><\/strong>Todos los derechos de propiedad intelectual del contenido de esta p\u00e1gina web, su dise\u00f1o gr\u00e1fico y c\u00f3digos son titularidad de NEOMAD HABITAT S.C., quedando prohibida su reproducci\u00f3n, distribuci\u00f3n, comunicaci\u00f3n p\u00fablica, transformaci\u00f3n o cualquier otra actividad que se pueda realizar con los contenidos sin el consentimiento expreso de NEOMAD HABITAT S.C.<\/p>\t\t\t\t\t\t\t\t<\/div>\n\t\t\t\t<\/div>\n\t\t\t\t\t<\/div>\n\t\t\t\t<\/div>\n\t\t\t\t<\/div>\n\t\t","protected":false},"excerpt":{"rendered":"<p>INICIO QUI\u00c9NES SOMOS SERVICIOS CONTACTO AVISO LEGAL Titularidad del sitio web:En cumplimiento de la Ley 34\/2002, de 11 de julio, de Servicios de la Sociedad de la Informaci\u00f3n y Comercio Electr\u00f3nico (LSSI-CE), se informa que el presente sitio web, neomadhabitat.com, es titularidad de: Denominaci\u00f3n social: NEOMAD HABITAT S.C C.I.F.: J21752456 Domicilio social: Calle Santa Engracia, [&hellip;]<\/p>\n","protected":false},"author":1,"featured_media":0,"parent":0,"menu_order":0,"comment_status":"closed","ping_status":"closed","template":"","meta":{"footnotes":""},"class_list":["post-523","page","type-page","status-publish","hentry"],"_links":{"self":[{"href":"https:\/\/neomadhabitat.com\/index.php\/wp-json\/wp\/v2\/pages\/523","targetHints":{"allow":["GET"]}}],"collection":[{"href":"https:\/\/neomadhabitat.com\/index.php\/wp-json\/wp\/v2\/pages"}],"about":[{"href":"https:\/\/neomadhabitat.com\/index.php\/wp-json\/wp\/v2\/types\/page"}],"author":[{"embeddable":true,"href":"https:\/\/neomadhabitat.com\/index.php\/wp-json\/wp\/v2\/users\/1"}],"replies":[{"embeddable":true,"href":"https:\/\/neomadhabitat.com\/index.php\/wp-json\/wp\/v2\/comments?post=523"}],"version-history":[{"count":40,"href":"https:\/\/neomadhabitat.com\/index.php\/wp-json\/wp\/v2\/pages\/523\/revisions"}],"predecessor-version":[{"id":614,"href":"https:\/\/neomadhabitat.com\/index.php\/wp-json\/wp\/v2\/pages\/523\/revisions\/614"}],"wp:attachment":[{"href":"https:\/\/neomadhabitat.com\/index.php\/wp-json\/wp\/v2\/media?parent=523"}],"curies":[{"name":"wp","href":"https:\/\/api.w.org\/{rel}","templated":true}]}}