{"id":563,"date":"2025-04-30T22:42:55","date_gmt":"2025-04-30T22:42:55","guid":{"rendered":"https:\/\/neomadhabitat.com\/?page_id=563"},"modified":"2025-04-30T22:52:38","modified_gmt":"2025-04-30T22:52:38","slug":"politica-de-privacidad","status":"publish","type":"page","link":"https:\/\/neomadhabitat.com\/index.php\/politica-de-privacidad\/","title":{"rendered":"Pol\u00edtica de Privacidad"},"content":{"rendered":"\t\t<div data-elementor-type=\"wp-page\" data-elementor-id=\"563\" class=\"elementor elementor-563\">\n\t\t\t\t<div class=\"elementor-element elementor-element-4daa8cc4 e-flex e-con-boxed e-con e-parent\" data-id=\"4daa8cc4\" data-element_type=\"container\" data-settings=\"{&quot;background_background&quot;:&quot;classic&quot;}\">\n\t\t\t\t\t<div class=\"e-con-inner\">\n\t\t\t\t<div class=\"elementor-element elementor-element-2d144f6b elementor-widget elementor-widget-image\" data-id=\"2d144f6b\" data-element_type=\"widget\" data-widget_type=\"image.default\">\n\t\t\t\t<div class=\"elementor-widget-container\">\n\t\t\t\t\t\t\t\t\t\t\t\t\t\t\t<img fetchpriority=\"high\" decoding=\"async\" width=\"800\" height=\"102\" src=\"https:\/\/neomadhabitat.com\/wp-content\/uploads\/2025\/04\/cropped-LOGO-NEO-MAD-HABITAT-copia-1-scaled-1-1024x130.png\" class=\"attachment-large size-large wp-image-170\" alt=\"\" srcset=\"https:\/\/neomadhabitat.com\/wp-content\/uploads\/2025\/04\/cropped-LOGO-NEO-MAD-HABITAT-copia-1-scaled-1-1024x130.png 1024w, https:\/\/neomadhabitat.com\/wp-content\/uploads\/2025\/04\/cropped-LOGO-NEO-MAD-HABITAT-copia-1-scaled-1-300x38.png 300w, https:\/\/neomadhabitat.com\/wp-content\/uploads\/2025\/04\/cropped-LOGO-NEO-MAD-HABITAT-copia-1-scaled-1-768x98.png 768w, https:\/\/neomadhabitat.com\/wp-content\/uploads\/2025\/04\/cropped-LOGO-NEO-MAD-HABITAT-copia-1-scaled-1-1536x195.png 1536w, https:\/\/neomadhabitat.com\/wp-content\/uploads\/2025\/04\/cropped-LOGO-NEO-MAD-HABITAT-copia-1-scaled-1-2048x260.png 2048w\" sizes=\"(max-width: 800px) 100vw, 800px\" \/>\t\t\t\t\t\t\t\t\t\t\t\t\t\t\t<\/div>\n\t\t\t\t<\/div>\n\t\t\t\t\t<\/div>\n\t\t\t\t<\/div>\n\t\t<div class=\"elementor-element elementor-element-6938dcf e-flex e-con-boxed e-con e-parent\" data-id=\"6938dcf\" data-element_type=\"container\">\n\t\t\t\t\t<div class=\"e-con-inner\">\n\t\t<div class=\"elementor-element elementor-element-6960820a e-con-full e-flex e-con e-child\" data-id=\"6960820a\" data-element_type=\"container\">\n\t\t\t\t<div class=\"elementor-element elementor-element-3cebd3f6 elementor-align-center elementor-widget elementor-widget-button\" data-id=\"3cebd3f6\" data-element_type=\"widget\" data-widget_type=\"button.default\">\n\t\t\t\t<div class=\"elementor-widget-container\">\n\t\t\t\t\t\t\t\t\t<div class=\"elementor-button-wrapper\">\n\t\t\t\t\t<a class=\"elementor-button elementor-button-link elementor-size-sm\" href=\"https:\/\/neomadhabitat.com\/#inicio\">\n\t\t\t\t\t\t<span class=\"elementor-button-content-wrapper\">\n\t\t\t\t\t\t\t\t\t<span class=\"elementor-button-text\">INICIO<\/span>\n\t\t\t\t\t<\/span>\n\t\t\t\t\t<\/a>\n\t\t\t\t<\/div>\n\t\t\t\t\t\t\t\t<\/div>\n\t\t\t\t<\/div>\n\t\t\t\t<\/div>\n\t\t<div class=\"elementor-element elementor-element-110bc91b e-con-full e-flex e-con e-child\" data-id=\"110bc91b\" data-element_type=\"container\">\n\t\t\t\t<div class=\"elementor-element elementor-element-378dcd05 elementor-align-center elementor-widget elementor-widget-button\" data-id=\"378dcd05\" data-element_type=\"widget\" data-widget_type=\"button.default\">\n\t\t\t\t<div class=\"elementor-widget-container\">\n\t\t\t\t\t\t\t\t\t<div class=\"elementor-button-wrapper\">\n\t\t\t\t\t<a class=\"elementor-button elementor-button-link elementor-size-sm\" href=\"https:\/\/neomadhabitat.com\/#quienes-somos\">\n\t\t\t\t\t\t<span class=\"elementor-button-content-wrapper\">\n\t\t\t\t\t\t\t\t\t<span class=\"elementor-button-text\">QUI\u00c9NES SOMOS<\/span>\n\t\t\t\t\t<\/span>\n\t\t\t\t\t<\/a>\n\t\t\t\t<\/div>\n\t\t\t\t\t\t\t\t<\/div>\n\t\t\t\t<\/div>\n\t\t\t\t<\/div>\n\t\t<div class=\"elementor-element elementor-element-70cbf7c7 e-con-full e-flex e-con e-child\" data-id=\"70cbf7c7\" data-element_type=\"container\">\n\t\t\t\t<div class=\"elementor-element elementor-element-6c886fd7 elementor-align-center elementor-widget elementor-widget-button\" data-id=\"6c886fd7\" data-element_type=\"widget\" data-widget_type=\"button.default\">\n\t\t\t\t<div class=\"elementor-widget-container\">\n\t\t\t\t\t\t\t\t\t<div class=\"elementor-button-wrapper\">\n\t\t\t\t\t<a class=\"elementor-button elementor-button-link elementor-size-sm\" href=\"https:\/\/neomadhabitat.com\/#servicios\">\n\t\t\t\t\t\t<span class=\"elementor-button-content-wrapper\">\n\t\t\t\t\t\t\t\t\t<span class=\"elementor-button-text\">SERVICIOS<\/span>\n\t\t\t\t\t<\/span>\n\t\t\t\t\t<\/a>\n\t\t\t\t<\/div>\n\t\t\t\t\t\t\t\t<\/div>\n\t\t\t\t<\/div>\n\t\t\t\t<\/div>\n\t\t<div class=\"elementor-element elementor-element-4e80c95b e-con-full e-flex e-con e-child\" data-id=\"4e80c95b\" data-element_type=\"container\">\n\t\t\t\t<div class=\"elementor-element elementor-element-518fc16d elementor-align-center elementor-widget elementor-widget-button\" data-id=\"518fc16d\" data-element_type=\"widget\" data-widget_type=\"button.default\">\n\t\t\t\t<div class=\"elementor-widget-container\">\n\t\t\t\t\t\t\t\t\t<div class=\"elementor-button-wrapper\">\n\t\t\t\t\t<a class=\"elementor-button elementor-button-link elementor-size-sm\" href=\"#\">\n\t\t\t\t\t\t<span class=\"elementor-button-content-wrapper\">\n\t\t\t\t\t\t\t\t\t<span class=\"elementor-button-text\">CONTACTO<\/span>\n\t\t\t\t\t<\/span>\n\t\t\t\t\t<\/a>\n\t\t\t\t<\/div>\n\t\t\t\t\t\t\t\t<\/div>\n\t\t\t\t<\/div>\n\t\t\t\t<\/div>\n\t\t\t\t\t<\/div>\n\t\t\t\t<\/div>\n\t\t<div class=\"elementor-element elementor-element-41cc9bbb e-flex e-con-boxed e-con e-parent\" data-id=\"41cc9bbb\" data-element_type=\"container\">\n\t\t\t\t\t<div class=\"e-con-inner\">\n\t\t\t\t<div class=\"elementor-element elementor-element-1f410363 elementor-widget elementor-widget-text-editor\" data-id=\"1f410363\" data-element_type=\"widget\" data-widget_type=\"text-editor.default\">\n\t\t\t\t<div class=\"elementor-widget-container\">\n\t\t\t\t\t\t\t\t\t<h3><strong>POL\u00cdTICA DE PRIVACIDAD<\/strong><\/h3>\t\t\t\t\t\t\t\t<\/div>\n\t\t\t\t<\/div>\n\t\t\t\t\t<\/div>\n\t\t\t\t<\/div>\n\t\t<div class=\"elementor-element elementor-element-4f9ece9d e-flex e-con-boxed e-con e-parent\" data-id=\"4f9ece9d\" data-element_type=\"container\">\n\t\t\t\t\t<div class=\"e-con-inner\">\n\t\t\t\t<div class=\"elementor-element elementor-element-2ddfbb60 elementor-widget elementor-widget-text-editor\" data-id=\"2ddfbb60\" data-element_type=\"widget\" data-widget_type=\"text-editor.default\">\n\t\t\t\t<div class=\"elementor-widget-container\">\n\t\t\t\t\t\t\t\t\t<p style=\"font-weight: 400;\"><strong>Responsable del tratamiento:<\/strong><\/p><ul><li><strong>Identidad:<\/strong> NEOMAD HABITAT S.C<\/li><li><strong>C.I.F.:<\/strong> J21752456<\/li><li><strong>Domicilio social:<\/strong> Calle Santa Engracia, N\u00ba 17, Planta 1, 28010 Madrid (Madrid)<\/li><li><strong>Email de contacto:<\/strong> info@neomadhabitat.com<\/li><\/ul>\t\t\t\t\t\t\t\t<\/div>\n\t\t\t\t<\/div>\n\t\t\t\t\t<\/div>\n\t\t\t\t<\/div>\n\t\t<div class=\"elementor-element elementor-element-71f61cbc e-flex e-con-boxed e-con e-parent\" data-id=\"71f61cbc\" data-element_type=\"container\">\n\t\t\t\t\t<div class=\"e-con-inner\">\n\t\t\t\t<div class=\"elementor-element elementor-element-1c44fa1d elementor-widget elementor-widget-text-editor\" data-id=\"1c44fa1d\" data-element_type=\"widget\" data-widget_type=\"text-editor.default\">\n\t\t\t\t<div class=\"elementor-widget-container\">\n\t\t\t\t\t\t\t\t\t<p style=\"font-weight: 400;\"><strong>Finalidad del tratamiento:<br \/><\/strong><span lang=\"es\">Gestionar las solicitudes de informaci\u00f3n recibidas a trav\u00e9s de los formularios de contacto, as\u00ed como el env\u00edo de comunicaciones comerciales relacionadas con nuestros servicios inmobiliarios.<\/span><\/p>\t\t\t\t\t\t\t\t<\/div>\n\t\t\t\t<\/div>\n\t\t\t\t\t<\/div>\n\t\t\t\t<\/div>\n\t\t<div class=\"elementor-element elementor-element-16485b9 e-flex e-con-boxed e-con e-parent\" data-id=\"16485b9\" data-element_type=\"container\">\n\t\t\t\t\t<div class=\"e-con-inner\">\n\t\t\t\t<div class=\"elementor-element elementor-element-569c4fc4 elementor-widget elementor-widget-text-editor\" data-id=\"569c4fc4\" data-element_type=\"widget\" data-widget_type=\"text-editor.default\">\n\t\t\t\t<div class=\"elementor-widget-container\">\n\t\t\t\t\t\t\t\t\t<p style=\"font-weight: 400;\"><strong>Legitimaci\u00f3n:<br \/><\/strong><span lang=\"es\">La base legal para el tratamiento de sus datos es el consentimiento del usuario al solicitar informaci\u00f3n a trav\u00e9s de los medios de contacto del sitio web.<\/span><\/p>\t\t\t\t\t\t\t\t<\/div>\n\t\t\t\t<\/div>\n\t\t\t\t\t<\/div>\n\t\t\t\t<\/div>\n\t\t<div class=\"elementor-element elementor-element-88341b1 e-flex e-con-boxed e-con e-parent\" data-id=\"88341b1\" data-element_type=\"container\">\n\t\t\t\t\t<div class=\"e-con-inner\">\n\t\t\t\t<div class=\"elementor-element elementor-element-c2309cc elementor-widget elementor-widget-text-editor\" data-id=\"c2309cc\" data-element_type=\"widget\" data-widget_type=\"text-editor.default\">\n\t\t\t\t<div class=\"elementor-widget-container\">\n\t\t\t\t\t\t\t\t\t<p style=\"font-weight: 400;\"><strong>Conservaci\u00f3n de los datos:<br \/><\/strong><span lang=\"es\">Sus datos ser\u00e1n conservados el tiempo m\u00ednimo necesario para atender su solicitud y cumplir con las obligaciones legales que correspondan.<\/span><\/p>\t\t\t\t\t\t\t\t<\/div>\n\t\t\t\t<\/div>\n\t\t\t\t\t<\/div>\n\t\t\t\t<\/div>\n\t\t<div class=\"elementor-element elementor-element-6bed273 e-flex e-con-boxed e-con e-parent\" data-id=\"6bed273\" data-element_type=\"container\">\n\t\t\t\t\t<div class=\"e-con-inner\">\n\t\t\t\t<div class=\"elementor-element elementor-element-4a25db4 elementor-widget elementor-widget-text-editor\" data-id=\"4a25db4\" data-element_type=\"widget\" data-widget_type=\"text-editor.default\">\n\t\t\t\t<div class=\"elementor-widget-container\">\n\t\t\t\t\t\t\t\t\t<p style=\"font-weight: 400;\"><strong>Comunicaci\u00f3n de datos:<br \/><\/strong><span lang=\"es\">No se ceder\u00e1n datos a terceros salvo obligaci\u00f3n legal.<\/span><\/p>\t\t\t\t\t\t\t\t<\/div>\n\t\t\t\t<\/div>\n\t\t\t\t\t<\/div>\n\t\t\t\t<\/div>\n\t\t<div class=\"elementor-element elementor-element-eb1aa7a e-flex e-con-boxed e-con e-parent\" data-id=\"eb1aa7a\" data-element_type=\"container\">\n\t\t\t\t\t<div class=\"e-con-inner\">\n\t\t\t\t<div class=\"elementor-element elementor-element-b35d943 elementor-widget elementor-widget-text-editor\" data-id=\"b35d943\" data-element_type=\"widget\" data-widget_type=\"text-editor.default\">\n\t\t\t\t<div class=\"elementor-widget-container\">\n\t\t\t\t\t\t\t\t\t<p style=\"font-weight: 400;\"><strong>Derechos:<br \/><\/strong><span lang=\"es\">Tiene derecho a acceder, rectificar y suprimir sus datos, as\u00ed como otros derechos, como se explica en la informaci\u00f3n adicional.<\/span><\/p><p style=\"font-weight: 400;\">Para ejercer sus derechos puede enviar una solicitud a info@neomadhabitat.com.<\/p>\t\t\t\t\t\t\t\t<\/div>\n\t\t\t\t<\/div>\n\t\t\t\t\t<\/div>\n\t\t\t\t<\/div>\n\t\t<div class=\"elementor-element elementor-element-225b447 e-flex e-con-boxed e-con e-parent\" data-id=\"225b447\" data-element_type=\"container\">\n\t\t\t\t\t<div class=\"e-con-inner\">\n\t\t\t\t<div class=\"elementor-element elementor-element-6e1ee9e elementor-widget elementor-widget-text-editor\" data-id=\"6e1ee9e\" data-element_type=\"widget\" data-widget_type=\"text-editor.default\">\n\t\t\t\t<div class=\"elementor-widget-container\">\n\t\t\t\t\t\t\t\t\t<p style=\"font-weight: 400;\"><strong>Informaci\u00f3n adicional:<br \/><\/strong><span lang=\"es\">Puede consultar la informaci\u00f3n adicional y detallada sobre Protecci\u00f3n de Datos solicitando en nuestro correo de contacto.<\/span><\/p>\t\t\t\t\t\t\t\t<\/div>\n\t\t\t\t<\/div>\n\t\t\t\t\t<\/div>\n\t\t\t\t<\/div>\n\t\t\t\t<\/div>\n\t\t","protected":false},"excerpt":{"rendered":"<p>INICIO QUI\u00c9NES SOMOS SERVICIOS CONTACTO POL\u00cdTICA DE PRIVACIDAD Responsable del tratamiento: Identidad: NEOMAD HABITAT S.C C.I.F.: J21752456 Domicilio social: Calle Santa Engracia, N\u00ba 17, Planta 1, 28010 Madrid (Madrid) Email de contacto: info@neomadhabitat.com Finalidad del tratamiento:Gestionar las solicitudes de informaci\u00f3n recibidas a trav\u00e9s de los formularios de contacto, as\u00ed como el env\u00edo de comunicaciones comerciales [&hellip;]<\/p>\n","protected":false},"author":1,"featured_media":0,"parent":0,"menu_order":0,"comment_status":"closed","ping_status":"closed","template":"","meta":{"footnotes":""},"class_list":["post-563","page","type-page","status-publish","hentry"],"_links":{"self":[{"href":"https:\/\/neomadhabitat.com\/index.php\/wp-json\/wp\/v2\/pages\/563","targetHints":{"allow":["GET"]}}],"collection":[{"href":"https:\/\/neomadhabitat.com\/index.php\/wp-json\/wp\/v2\/pages"}],"about":[{"href":"https:\/\/neomadhabitat.com\/index.php\/wp-json\/wp\/v2\/types\/page"}],"author":[{"embeddable":true,"href":"https:\/\/neomadhabitat.com\/index.php\/wp-json\/wp\/v2\/users\/1"}],"replies":[{"embeddable":true,"href":"https:\/\/neomadhabitat.com\/index.php\/wp-json\/wp\/v2\/comments?post=563"}],"version-history":[{"count":13,"href":"https:\/\/neomadhabitat.com\/index.php\/wp-json\/wp\/v2\/pages\/563\/revisions"}],"predecessor-version":[{"id":585,"href":"https:\/\/neomadhabitat.com\/index.php\/wp-json\/wp\/v2\/pages\/563\/revisions\/585"}],"wp:attachment":[{"href":"https:\/\/neomadhabitat.com\/index.php\/wp-json\/wp\/v2\/media?parent=563"}],"curies":[{"name":"wp","href":"https:\/\/api.w.org\/{rel}","templated":true}]}}